
5
Let a(j) = 12*j + 10 - 4 - 6*j. Give a(-4).
-18
Let s(k) = 7*k - 1. Let x(v) = 4*v - 1. Let j(o) = -3*s(o) + 5*x(o). Let i be (-9)/6*((-250)/15)/5. Calculate j(i).
-7
Let h(u) be the second derivative of 1/2*u**3 + 0 + 1/3*u**4 - 2*u - u**2 - 1/20*u**5. Determine h(4).
10
Let o(b) = b**3 + 5*b**2 + b + 5. Suppose -3 = -3*c - 0. Suppose 30 = -7*f + 2*f. Let w = f + c. Calculate o(w).
0
Let j(b) be the third derivative of 1/24*b**4 + 4*b**2 + 0*b - 1/15*b**5 + 0 + 1/6*b**3. Give j(-1).
-4
Let k(b) = -2*b + 1. Let y(m) = -2*m - 5. Let w(p) = -6*p - 14. Let i(j) = 3*w(j) - 8*y(j). Suppose 3*n - n + 4 = 0. Let v be i(n). What is k(v)?
-3
Suppose -2*m + 7 = m - k, -k = 2*m - 13. Let c(r) = m*r - 6*r - 10 + 4 + r. Calculate c(-6).
0
Let t(v) = -60*v**3 + 2*v**2 + 2*v + 1. Let s be t(-1). Suppose -4*h = -w - 4*w + s, 23 = 3*w + h. Suppose -w = -3*p - 0. Let y(z) = -z**2 + 2*z. Give y(p).
-3
Let f = -8 + 5. Let v(o) = -o**3 - 3*o**2 - o + 3. What is v(f)?
6
Let z = -1 - -4. Suppose 2*r - 6*r + 13 = -3*x, -12 = -z*r. Let c(j) be the first derivative of 4*j**2 + j + 6. What is c(x)?
9
Let m = 5 - 4. Let g(x) = 0*x + 5 - 2 - m - x. Determine g(3).
-1
Let r(u) = u**2 - 7*u + 6. Let z(l) = 2*l**2 - l + 4. Let k be z(4). Let o = -23 + k. Let g = o + -3. What is r(g)?
0
Let a be (-4)/(-6) - (-15)/45. Let t(n) = 3*n + 5. Let r(m) = -3*m - 4. Let u(o) = 4*r(o) + 3*t(o). What is u(a)?
-4
Let t(p) be the third derivative of p**5/60 + p**4/6 + p**3/2 - 4*p**2. Suppose 0 = -3*x - 2 - 4. Give t(x).
-1
Let d(b) be the first derivative of b**2 + 8*b - 16. Give d(-7).
-6
Let z(b) = -b**2 - 8*b + 10. Let i(c) = -c**2 - 9*c + 11. Let v(j) = 4*i(j) - 5*z(j). What is v(-5)?
-1
Let v(n) = n**3 - 7*n**2 - n + 5. Let b be v(7). Let c(o) be the second derivative of -o**4/6 - o**3/2 - 3*o**2/2 - 9*o. Calculate c(b).
-5
Let v be (0 + 0)/(7 - 8). Let z(a) = -a**2 + a - 9. What is z(v)?
-9
Let q(k) = -k**2 - 7*k - 6. Let z be q(-5). Let h(r) = 0 - 2 + 5 - r - z*r. Determine h(2).
-7
Let m(y) be the first derivative of 2/3*y**3 + y + 5 - y**2. Determine m(1).
1
Let h(y) = -y + 6. Let w be 0 + (-1 - 0) + 1. Suppose -2*u = -w*u - 3*j + 22, -2*j = 5*u + 55. Let t = -6 - u. Calculate h(t).
1
Let t be (-1)/(-4) + 2/(-8). Let a(k) = 0 - k + t*k + 1 - 2. What is a(-3)?
2
Let z(h) be the first derivative of h**2/2 - 11*h - 8. Calculate z(9).
-2
Let j(n) be the first derivative of n**4/4 + 5*n**3/3 - 3*n**2 - 4*n + 10. What is j(-6)?
-4
Suppose 5*a - 45 = c + 4*c, -5*a + 36 = -2*c. Let x(w) = -5*w**2 - 6*w. Let p(l) = -6*l**2 - 6*l + 1. Let s(z) = -6*p(z) + 7*x(z). What is s(a)?
-6
Suppose -2*v = -10, -3*q - 3*v + 24 = -0*v. Let a(d) = -4*d + 0*d + q*d. Suppose 5*n + 12 = 2*n. Determine a(n).
4
Let x be 2/(-3) - (56/(-12) - -2). Let r(o) = 4*o - 2. Let w(l) = 0*l - 1 - 3*l + 5*l. Let f(g) = 6*r(g) - 10*w(g). Calculate f(x).
6
Let m(o) = o**2 + o. Let t be ((-2 + 1)*-1)/((-7)/14). What is m(t)?
2
Suppose 2*t + 3*y = -8, -5 = 3*t - 2*t + 2*y. Let x(z) = 15*z**2 + 17*z - 17. Let m(a) = -5*a**2 - 6*a + 6. Let o(l) = 17*m(l) + 6*x(l). Determine o(t).
5
Let s = -8 - -1. Let b(z) = -4*z + 10. Let o(a) = a - 3. Let l(h) = s*o(h) - 2*b(h). Give l(4).
5
Let h(b) = -b**3 + 7*b**2 - 3*b - 3. Let j(x) = 3*x**3 - 21*x**2 + 8*x + 9. Let r be 20/(-50) + 12/5. Let y(q) = r*j(q) + 7*h(q). What is y(6)?
3
Let x(z) = 17 - 7 - 13 - 4*z**3 + 8*z**2 + 3*z**3 - 8*z. Calculate x(7).
-10
Let y = -6 - -10. Let f(q) = q + 4. Let v be f(-3). Let n(i) = v - 6 - 3*i + 5*i**2 + 0*i**3 - i**3. What is n(y)?
-1
Let d(u) = u. Suppose 0 = -92*s + 87*s + 25. Determine d(s).
5
Let m(v) = v**3 + 4*v**2 - 3. Let z be m(-2). Let h(w) = -4 + 0*w + 3*w - z*w + 0. Give h(-5).
6
Let a(h) = h + 15. Let x be a(-20). Let l(o) be the third derivative of o**5/60 + o**4/6 + 2*o**3/3 + 4*o**2. Calculate l(x).
9
Suppose -1 = 2*l - 9. Let f(w) = -w**3 + 3*w**2 + 5*w - 1. Let q be f(l). Let o(g) = -g - 3 + g**q + 0*g + 4. Calculate o(1).
1
Let k(w) = w**3 + 6*w**2 + 4. Let t be k(-6). Let a be (2/t)/(9/18). Let n(q) = -3 + 0*q + q**2 + a - 5 - q**3 + q. Calculate n(0).
-7
Let t be (-62)/(-5) + (-24)/60 + -3. Let k(r) = r - 9. Determine k(t).
0
Let l(g) = 7*g + 15. Suppose 6 = -5*i + 4*i. Let m(h) be the first derivative of -2*h**2 - 8*h + 3. Let u(v) = i*l(v) - 11*m(v). What is u(-2)?
-6
Let z(t) = t + 3. Let v(o) = -o - 1. Let j be v(-3). Suppose 3*n - 3*c + 6 = -0, n + 5 = j*c. Let g = 1 - n. Calculate z(g).
3
Suppose q = -4*q + 25. Let a = -3 + q. Let c(y) = -5*y. What is c(a)?
-10
Let x = -3 + 7. Let a(m) = -m**2 + 2*m - 6. Determine a(x).
-14
Let h(s) = -s**3 - s**2 - s - 6. Let t be (30/(-18))/(1/(-3)). Let b(m) = -m + 5. Let v be b(t). What is h(v)?
-6
Let y(u) be the second derivative of 5/24*u**4 + 0 - 1/120*u**5 - u - 1/2*u**3 + 0*u**2. Let f(a) be the second derivative of y(a). Determine f(6).
-1
Let b be (-10)/14 + 4/(-14). Let v(p) be the first derivative of -1/2*p**2 - 2*p**3 + 0*p - 2. Calculate v(b).
-5
Suppose -2*x + 2*f = 0, 3*x + 3*f = -x + 28. Suppose 0*o + x = -2*o. Let m be 2*(-3)/(-6) - o. Let b(k) = k - 2. Give b(m).
1
Suppose 4*a = 4*t + 3*a - 69, 3*a = 4*t - 79. Let u = -12 + t. Let o(n) = -n**2 + 6*n + 2. Give o(u).
10
Let t be (4/8)/(1/12). Let o be t - 0/((-2)/(-2)). Let b(c) be the third derivative of c**5/60 - c**4/4 + 2*c**2. What is b(o)?
0
Let p(s) = -5*s**3 + s**2. Suppose 4*c - 17 = -5*x, 4*c - 6*x - 7 = -x. Suppose 2*i - c = -1. Suppose -5*v = i - 6. Calculate p(v).
-4
Suppose 5*a - 3*d + 11 = 0, a + 17 = -4*a + d. Let i(k) = -k**2 - 3*k + 5. What is i(a)?
1
Let y = -2 + 1. Let f(w) = -3*w**3 - 3*w**2 + 2*w - 3. Let t(o) = o**2 + 1. Let c(u) = -f(u) - 4*t(u). Determine c(y).
-3
Let l(z) = z**3 - 8*z**2 + 7*z - 7. Let y be l(7). Let b(x) = x**3 + 7*x**2 + x + 5. Let s be b(y). Let w(h) = -h**2 - 2*h + 2. What is w(s)?
2
Let p(q) = -q**3 + 6*q**2 - 4. Let x be p(6). Let f(c) be the first derivative of -1/2*c**2 - 3*c - 2. Give f(x).
1
Let s(g) = -3*g**2 + 8*g - 3. Let m(a) = 2226 - 2219 + 2*a + 7*a**2 - 19*a. Let k(o) = -o - 2. Let i be k(2). Let f(v) = i*m(v) - 9*s(v). Determine f(-2).
3
Let f be 3 + 3 + (-1 - 0). Suppose 1 = -l + 3*v, -4 + 9 = -f*l - 5*v. Let n(m) = -2*m**2 + 2*m + 1. Calculate n(l).
-3
Suppose -2*d - 4 = 2*u - 22, -5*u + 10 = -2*d. Let v(r) = 1 + u*r - 2 + 5 - 3*r. What is v(0)?
4
Let q(o) = 4*o. Suppose 3*f = 1 + 8. Suppose -4*v - 13 = -9*v - f*i, 2*v - 2*i - 2 = 0. Suppose -2 = v*h - 0. What is q(h)?
-4
Let u(s) be the third derivative of s**6/120 + s**5/30 - s**4/8 - s**3/6 - 5*s**2. What is u(-3)?
-1
Suppose 0 = -2*x - 3*g + 10, 0*x + 5*g - 4 = 3*x. Let a be (0/(-2))/x - -2. Let r(s) = -s**3 + 4 - 1 + 3*s**3 - 3*s**3 - 2*s. What is r(a)?
-9
Let w(r) = -6*r**2 + r**2 - 2*r**2 + 7*r - 3 + 4*r**3 - 3*r**3. Determine w(6).
3
Let b(s) = -s**2 + s + 5. Let t(v) = v + 7. Let h be t(-7). Let x be b(h). Let d = x - 5. Let n(z) = -z**2 - 11. What is n(d)?
-11
Suppose 2*l + 2*h - 4 - 24 = 0, 0 = 3*h - 3. Suppose 3*a - 4 = 2*u, 0 = 5*a - 5*u + 3 - l. Let w(s) = -s**2 + 2. Give w(a).
2
Let v(k) = -k**2 - 5*k + 1. Let l(s) = 3*s + 12. Let n be l(-6). Give v(n).
-5
Let p(t) = -4 - 3 - 4*t + t**2 + 10. Let o = -1 - -3. Calculate p(o).
-1
Let t be (-104)/(-18) - 2/(-9). Let z(g) = g**3 - 6*g**2 + 3*g - 9. Calculate z(t).
9
Let p(d) = -5*d**3 - d**2. Let o = 12 - 13. Determine p(o).
4
Let g = -2 - -5. Let c(d) = -d + 3. Calculate c(g).
0
Let f(x) = 7*x + 6 + 28*x**2 - 58*x**2 + 31*x**2. Let k = 2 + -8. What is f(k)?
0
Suppose -3*x + 3 = -6*x. Let r(y) = -4*y + 1. Calculate r(x).
5
Suppose -2*w = -0*w + 2. Let q(p) = -3 + 3 + 2*p**2. Give q(w).
2
Let z(p) be the second derivative of -p**5/20 - 5*p**4/12 - 5*p**3/6 - 5*p**2/2 + 4*p. Calculate z(-4).
-1
Let n(l) = -2*l**2 - 4*l. Let y(c) = c**2 + 7*c + 8. Let x be y(-6). Suppose -8 = 4*s - x*r, -3*r = -2*r + 2. Give n(s).
-6
Suppose 3*l - l = 4. Let g(c) be the second derivative of c**5/120 - c**4/12 - c**3/6 + c. Let n(p) be the second derivative of g(p). Calculate n(l).
0
Let g(f) = 2 - 3*f + 2*f - 2. Give g(-5).
5
Let m(q) be the first derivative of -q**5/60 - q**4/24 + 7*q**3/3 - 6. Let i(c) be the third derivative of m(c). Calculate i(-3).
5
Let c(a) = a**2 + 5*a + 6. Suppose 20 = -5*f, z + 5*f = f - 11. Suppose -z*t = 2*y + 28, -3*t = -3*y + 6